 k(-5).
3
Let z = -1 - -2. Let p = 15 - 12. Let s(n) = -6*n - n**3 - 2 + p*n - z + 5*n**2. Determine s(3).
6
Let d(z) be the first derivative of z**3/3 - 2*z**2 + 2*z - 1. Let i = -409 - -413. Determine d(i).
2
Let l be -4 - 0/(-3) - -7. Let r(s) = -2*s**2 + 3*s - 2. Give r(l).
-11
Let y(k) = -4*k + 4. Let x(q) = q + 14. Let o be x(-9). Give y(o).
-16
Let i(p) = -3*p**3 - 2*p**2 + 1. Suppose 22 = 5*o + 17. What is i(o)?
-4
Let b(j) = -5*j + 2. Let q(x) = -6*x + 2. Let w(r) = -5*b(r) + 4*q(r). What is w(6)?
4
Suppose 5 - 13 = -2*w. Let r(k) = -3*k**3 - 4 + w*k**2 + k**3 + 4*k**3 - k**3. Determine r(-3).
5
Let u(f) = -4*f**2 - f. Let r(y) = -5*y**2 - 2*y. Let t(s) = 2*r(s) - 3*u(s). Let a(m) = m**2 - 3*m - 4. Let c be a(4). Let h be (c - (-1)/2)*2. Give t(h).
1
Let r(k) = 6*k**3 - 1. Let i be 1/(5 - (2 - -2)). Determine r(i).
5
Let n(k) = 9*k**2 + 2*k + 1. Suppose -1 = u + 1, 0 = 3*o + 2*u - 2. Suppose -o*a + a = 1. Calculate n(a).
8
Let a(t) = -t**3 - 3*t**2 + 5*t + 5. Suppose o - 5*d + 6 = 0, 0 = -o + 2*d + 2*d - 5. Let x be o*(10 + 2)/3. Let q be (x/5)/(2/10). Calculate a(q).
1
Suppose 4*b = 5*a + 14, 7*b + 3*a - 36 = 2*b. Let o(x) = 2*x - 1. Calculate o(b).
11
Let b(m) = 22*m - 6 - 6*m - m**2 - 10*m - 5*m. Calculate b(0).
-6
Suppose 8 = -0*b + b. Let w(q) = q**2 - 7*q - 5. Calculate w(b).
3
Let d(n) = n**2 + 5*n - 4. Let s be d(-4). Let l = 12 + s. Let i = 1 - l. Let y(c) = -c + 3. Give y(i).
6
Let i be (1*5)/(-6 - -7). Suppose 3 + i = -h + 4*l, -5*h = -3*l - 11. Let x(g) = -2*g + 2. What is x(h)?
-6
Suppose -2*l - 2*l = 8. Let a = 0 - l. Let d be -3 + 0 + (a - 4). Let w(m) = m**3 + 4*m**2 - 4*m - 2. Calculate w(d).
-7
Let a(b) be the first derivative of -b**2 + b + 13. Determine a(-3).
7
Let s(t) = -6*t + 3. Let p be (-5)/(-2)*(-6)/5. Let k be (-2)/p + 4/3. Calculate s(k).
-9
Let w(h) = -2*h**2 - 2*h + 2. Let m be (2 - -1) + 15/(-5). Let a be (m + -2)*-1*-1. What is w(a)?
-2
Let h(q) = -q**3 + q**2 - q. Let j(u) = -u - 7. Let l be j(-5). Let z(k) = 5*k**3 + 2*k**2 - 3*k. Let w = -1 - -2. Let n(y) = l*h(y) + w*z(y). Calculate n(-1).
-6
Let h(u) = -u + 11. Let b be h(8). Let n(v) be the first derivative of -b*v**2 + 2 + 3*v + 1/3*v**3. Give n(5).
-2
Let s(u) = 2*u**3 + 4*u**2 + u - 2. Let r = -104 - -102. Calculate s(r).
-4
Let x(v) = 2*v + 0*v**3 + 3*v**2 - v**3 - 5*v**2. Let h be x(-2). Let p(n) = -1 - 1 + n + 3 + n. Calculate p(h).
-7
Let h(v) be the second derivative of -v**5/20 - 3*v**4/4 - v**3 + 3*v**2/2 - 15*v. What is h(-8)?
-13
Let l(c) be the second derivative of -1/20*c**5 - 3*c + 0 - 1/2*c**2 - 1/4*c**4 + 1/6*c**3. Let v = -8 - -5. Determine l(v).
-4
Let x(y) = 4 + 3 - 6 + 5*y + y**2. Give x(-4).
-3
Let l(m) = -m + 3. Let c(f) = -7. Let t(g) = -3*c(g) - 7*l(g). Calculate t(2).
14
Let h = 6 + -2. Suppose -2 = -h*u - 6. Let t(a) = 6 + 1 - 2 + 5*a - 6. What is t(u)?
-6
Let d(h) be the first derivative of 4*h + h**3 + 2 - 5/2*h**2 + 1/4*h**4 - 1/20*h**5. Let u(l) be the first derivative of d(l). Determine u(4).
3
Suppose 0 = q - 4*q. Let b(i) = -i**2 - 5. Calculate b(q).
-5
Let v(d) = -1 - d**2 - 4*d + d - 1. Suppose -w = -2*o - 2, o - 4 = -w + 1. Suppose -w*u = u + 10. Calculate v(u).
0
Let r(y) = -3*y - 2. Suppose 21 = 3*x - 2*x. Suppose 3*c - x = 5*s, -2*c = -4*s - 3*c - 10. Determine r(s).
7
Let z(n) = -n**2 - 6*n + 10. Let b(j) = -4*j - 3. Let y be b(1). What is z(y)?
3
Let c = -2 - -5. Let x(q) = 2*q**2 - 2*q + 0*q + 0*q - c. Let z be (-4 + -8)/(-9 + 5). Determine x(z).
9
Let d(m) = m**3 + 4*m**2 - m - 1. Let a be d(-4). Suppose -5*z + 75 = -0*z - 2*j, -a*z + 5*j + 45 = 0. Let h = 10 - z. Let b(q) = -q + 3. Determine b(h).
8
Let v(t) = t**2 + t + 7. Let h be 0/(3/(-9)*3). Give v(h).
7
Let d(b) = -b**2 + b - 2. Suppose -13*x + 11*x + 6 = 0. What is d(x)?
-8
Let m(k) = 15 - 15 - 6 + 3*k. What is m(4)?
6
Let g = 6 + -2. Suppose 0*d + 8 = g*d. Let m(b) = -b - 1 + 0*b**2 - b**2 + d*b + b**3. Determine m(0).
-1
Suppose 5*p - 2*p = 12. Let v(l) = -l**3 + 5*l**2 - l - 2. Calculate v(p).
10
Let c(k) = k**3 + 2*k**2 - 2*k + 3. Let x be c(-3). Let t be 6 + 0*(-1 + 2). Suppose x*o = -2*o - t. Let n(q) = -q. Calculate n(o).
3
Let a(w) = 2*w**3 - 2*w**2 + 2*w**3 + 2*w - 1 + 0. Let l(x) = 2*x - 1. Let y be l(4). Suppose -o = -2*u - y, -5*o + 1 = u - 1. Determine a(o).
3
Let x = 25 + -15. Let u be x*(1 + 3/(-6)). Let z(s) = s**2 + 4 + 3*s - u - 2*s**2 + 5. Give z(5).
-6
Suppose -n = -2*v + 2, n + 13 = 5*n - v. Let p(s) = -n - 2*s - s**2 - 3*s - 1. What is p(-5)?
-5
Let y(v) = 3 - 1 + 2*v + 1. Let r(m) = -m - 1. Let a(w) = 3*r(w) + y(w). Give a(5).
-5
Let q(a) = -2*a + 50 - 53 + 0*a. Determine q(-2).
1
Suppose 12 = 2*s - 5*s. Let m be s/6 + 32/(-6). Let g(b) = -b**3 - 6*b**2 + 4*b + 6. Determine g(m).
-18
Let w(l) = l**3 + 5*l**2 + 5*l + 6. Let t = 14 - 8. Let i = t + -10. Give w(i).
2
Suppose -g + 1 = -2*p + 6, -17 = -3*g - 2*p. Let z(d) = -d**2 + d - g*d + 0*d. Let i = 5 - 7. Calculate z(i).
0
Let w = 3 + -1. Suppose -w*y + 0*y - 6 = 0. Let h(x) = -2*x**2 - 3*x + 4. Calculate h(y).
-5
Let d = -2 + -2. Let k(r) = r**3 - r**2 - 3*r + 5. Let g(j) = j**2 + j. Let a(v) = 5*g(v) + k(v). Give a(d).
-3
Let l(f) = -f**3 + f**2 + f - 7. Let x(n) = n. Let b be x(-2). Let i be (b/4)/((-4)/16). Suppose 3*m = i*m. Determine l(m).
-7
Let a be (3 - 6)*(-2 + 3). Let p(w) = 3 - 3*w - 2*w**2 + 1 + 6*w - w**3. Determine p(a).
4
Let w(n) be the first derivative of -2*n - 2/3*n**3 - 1/2*n**4 - 1/2*n**2 - 2. Determine w(-2).
8
Let i(m) = m**3 - 5*m**2 - 8*m + 7. Suppose -2*c + 3*c = 4. Suppose 22 = 3*y + c. Give i(y).
-5
Let b(i) = -i**3 + 11*i**2 - 15*i + 8. Let f(u) = -u**3 + 11*u**2 - 14*u + 9. Let s(h) = -2*b(h) + 3*f(h). Calculate s(10).
-9
Suppose -5*l - n = -6*n - 25, 3*l = -2*n. Let f(c) = 15*c**l - 3*c + 7*c - 16*c**2. What is f(3)?
3
Let s(r) = 3*r. Let b = -23 + 24. Calculate s(b).
3
Let q(x) = -x**3 - x**2 + 1. Let s(r) = r + 14. Let m be ((-24)/(-9))/((-2)/6). Let o be s(m). Let t = 4 - o. What is q(t)?
5
Let o(d) = -4*d**2 + d. Let j(f) = 3*f**2 - 2*f. Let l(b) = -5*j(b) - 4*o(b). Let x(i) = -4*i**3 + i + 1. Let g be x(-1). Suppose -g*z - 1 = 19. Give l(z).
-5
Let r(i) = 2*i**2 - 3 - i - 3*i - 3*i**2. Let w(n) = n**2 + 5*n + 4. Suppose -f - 8 = -5. Let u be w(f). What is r(u)?
1
Let r(q) be the third derivative of 1/24*q**4 + 0*q + 1/60*q**5 - 1/2*q**3 - 2*q**2 + 0. Suppose -4*m = -5*m. Calculate r(m).
-3
Let o(p) = 15*p - 9. Let l(w) = -7*w + 4. Let d(m) = -9*l(m) - 4*o(m). Determine d(-3).
-9
Let p(w) be the first derivative of 2*w**3/3 - 2*w**2 - 3*w - 211. Suppose -2*x - 4 = 4, 0 = -3*d - x + 8. Determine p(d).
13
Let y(n) = n**3 + 6*n**2 + 2. Let d = -7 + 1. Give y(d).
2
Let b(h) be the second derivative of -h**4/12 + h**3/6 - h. Let u(j) = -j + 6. Let r be 8 + 4*(0 - 1). Let t be u(r). Determine b(t).
-2
Suppose 0 = -2*u + u + 1. Let n(b) be the first derivative of 3*b - 1/3*b**3 + 2*b**2 + u. Determine n(4).
3
Let k be (-30)/15*14/(-4). Let f(l) = -l + 7. What is f(k)?
0
Suppose 1 = r, -b = -5*r + 4 + 1. Let j(h) be the third derivative of -h**5/60 - 5*h**3/6 - 2*h**2. Give j(b).
-5
Let y(p) be the first derivative of p**4/4 - 4*p**3/3 - 5*p**2/2 - p - 31. Determine y(5).
-1
Let j(r) = 4*r**2 + 13. Let c(u) = 5*u**2 + 14. Let q(a) = 5*c(a) - 6*j(a). Give q(0).
-8
Let a(c) = -4*c**2 + 2*c + 1. Suppose 3*h - 2*u = -3*u + 75, -75 = -3*h + u. Let b = h + -26. Give a(b).
-5
Let q = 136 + -137. Let t(g) be the first derivative of -3*g**4/2 + g**3/3 + g**2/2 + g - 3. Determine t(q).
7
Let p(s) = -s + 2. Let a be -1*(2 + -2)/(-1). Let r be p(a). Let f(y) = 3*y - 3. Calculate f(r).
3
Let n(r) = 5*r - 6 + 16 + 20. Let v(u) = -1. Let b(g) = n(g) + 30*v(g). Let o be b(1). Let d(t) = t**2 - 7*t + 4. Determine d(o).
-6
Suppose -6 = 2*y - 0*y. Let n(i) = i**3 + 3*i**2 - 2*i + 2. Calculate n(y).
8
Let c = 9 + -7. Let r be c/4 - 4/(-8). Let k(a) = -6*a + r - 2 + 4. Give k(2).
-9
Let c(i) = -i**2 - i + 4. Let k = 8 + -2. Suppose 6 = -4*l - k. What is c(l)?
-2
Let r(c) = 1 + 0 - 4 + 3*c**2 - 2*c**2 + 5*c. Let u(d) = d**2 - 5*d - 1. Let g be u(4). What is r(g)?
-3
Let f(a) = -a - 19. Let k be f(-17). Let o(x) = x**3 + 2*x**2 + 2*x + 2. Calculate o(k).
-2
Suppose -3 = -2*q + 11. Let w = q + -5. Let f(v) = 2*v + 2*v + v**2 - 7*v - w*v**2. What is f(-3)?
0
Let r